Suppose l - 4 = -5*z + y, o = -2*l - 6. What are the prime factors of z?
2, 3
Let t(u) = -8*u + 3. List the prime factors of t(-3).
3
Suppose 7*h = 4*h. Suppose -4*v + 2*i + 24 = h, -2*v + v + 2*i = -9. List the prime factors of v.
5
Suppose -3*l + 3*u + 2 + 19 = 0, -2*u - 10 = 0. Let w be (-2 + l)/((-2)/2). Suppose w*o + o = 6. List the prime factors of o.
2, 3
Let y = -61 + 81. List the prime factors of y.
2, 5
Let c = -22 + 35. List the prime factors of c.
13
Suppose 0 = j + 2*j - 183. Suppose -19 = g - j. Suppose -2*r - 3*u - g = -5*r, 4*u = -20. List the prime factors of r.
3
Let n = -24 - -13. List the prime factors of n/(-2) - (-3)/(-6).
5
Let h(o) = -o**3 - 2*o**2 - 3. Let d be h(-3). Let s be 32/d - 2/6. Suppose 4*c - 85 = -s*x, -c = -6*c + 4*x + 55. What are the prime factors of c?
3, 5
List the prime factors of 2*-1 - (-28)/7.
2
Let s = 1 + 1. Let l be (-185)/(-25) + s/(-5). Let q(n) = -n**2 + 9*n + 5. What are the prime factors of q(l)?
19
List the prime factors of ((-24)/(-7))/(24/84).
2, 3
Suppose -40*y + 33*y = -854. List the prime factors of y.
2, 61
Suppose j - 5*b - 711 = -3*j, -720 = -4*j - 4*b. What are the prime factors of j?
179
Suppose 5*g + 24 = 89. Suppose -3*i + 28 = -l, -7*i + 4*l + g = -4*i. What are the prime factors of i?
11
List the prime factors of (71/2)/((-10)/(-20)).
71
Let u = -6 - -5. Let t be (-13 - -4)*(u - 0). What are the prime factors of (0 + -1)/(t/(-108))?
2, 3
Let b be 22/4*(3 + -1). Suppose -13*t + 108 = -9*t. Let i = t - b. What are the prime factors of i?
2
Suppose 3*v - 13 = -5*n, -2*n = -0*n - 4*v. List the prime factors of n + 2 + 8 + 2.
2, 7
Let k be -35*1*-1 + -1. Suppose 4*m - 116 = 4*g, 2*m + 5*g - k = g. What are the prime factors of m?
5
Suppose -79 = -4*i + m + 36, m = 1. What are the prime factors of i?
29
What are the prime factors of (7/(-4))/((-7)/168)?
2, 3, 7
Let n = 20 - 17. Suppose 0 = 3*m + 2*s - 27 - 24, n*m - 69 = 4*s. What are the prime factors of m?
19
Let q be 51*((-3)/(-1) - 2). Let o = q - 29. What are the prime factors of o?
2, 11
Suppose -4*q = -0*q - 512. List the prime factors of q.
2
Let a(t) = -t + 14 + 4*t - 4*t. What are the prime factors of a(11)?
3
List the prime factors of (3/(-2))/(1/(-2)).
3
Let x(g) = g**3 + 7*g**2 - 4*g - 5. Let n be x(-6). Suppose 0 = 3*u - n + 16. Let h = 29 - u. List the prime factors of h.
2
Let d = 5 + -9. What are the prime factors of (d/(-2) - -2)*1?
2
Let d = 44 - 75. Let t = -17 - d. List the prime factors of t.
2, 7
Suppose -29 = j + 4*p, 0 = 4*j + 3*p + p + 92. Let w = 5 + -37. Let u = j - w. List the prime factors of u.
11
Suppose -5*h + 12 = -y, 4*y + 4 - 16 = 5*h. List the prime factors of y.
2
Let u = -1 - -4. Let p = -17 - -25. Suppose u*f = p + 4. What are the prime factors of f?
2
Let m = 2 - 0. Let w = -4 - 2. List the prime factors of m - (-4)/((-8)/w).
5
Let z be 2/(-5)*(-15)/3. List the prime factors of -4*(-1 + 0)*z.
2
Let n be (-4)/8 + 10/(-4). Let o = n + 0. What are the prime factors of (-7)/(-4) + o/(-12)?
2
Let n(b) = -12*b - 10. List the prime factors of n(-5).
2, 5
Suppose 24*k - 26*k = -230. What are the prime factors of k?
5, 23
Suppose -4*r = -5*r - 3. Let a be (-3)/r*-1 + 23. Let h = -13 + a. What are the prime factors of h?
3
Suppose 22 = 11*a - 9*a. What are the prime factors of a?
11
Suppose 2*o + o + 72 = 0. Let c be (-202)/(-8) - (-6)/o. Suppose -s + c = 3. List the prime factors of s.
2, 11
Suppose 3*o - 43 + 1 = 0. Suppose o + 16 = m. List the prime factors of m.
2, 3, 5
What are the prime factors of (-1)/(-9) + (3 - 6801/(-27))?
3, 5, 17
Let m(b) = -4*b - 5. Let u(a) = -a + 4. Let v be u(10). Let j be m(v). Suppose -j = -w - 6. What are the prime factors of w?
13
Suppose 121 + 95 = 3*o. Suppose -5*f + o = -48. Let p = f + -16. List the prime factors of p.
2
Let o = 16 + -13. Suppose -o*s + 55 = 2*s. What are the prime factors of s?
11
Let l(y) = 3*y + 1. Let k be l(1). What are the prime factors of (-3 + 6/k)*-2?
3
Suppose 4*t - 4*x - 16 = 4, -5*t + 3*x = -19. Let q(i) = i**3 + 3*i**2 - 2. List the prime factors of q(t).
2, 3
Let g = -55 - -94. What are the prime factors of g?
3, 13
Suppose 2*w = -i + 6, 17 - 2 = 4*i - w. Let d(g) be the third derivative of g**6/120 - g**5/12 + 7*g**4/24 - g**3 + 3*g**2. What are the prime factors of d(i)?
2, 3
Let k = 101 - 57. Suppose 0 = -5*p + k + 56. What are the prime factors of p?
2, 5
Suppose 4*u + 2*w - 92 = 0, -4*u + 8*w + 68 = 4*w. Suppose -4*p + 27 = -u. List the prime factors of p.
2, 3
Suppose -21*l = -19*l - 250. List the prime factors of l.
5
Suppose -4*y + 338 = y - 4*o, 0 = -4*y - 4*o + 292. List the prime factors of y.
2, 5, 7
Suppose 2*x = -2*x - 5*a + 71, 5*a = 5*x - 100. Let o be x*(1 + -2)*-1. Suppose 5*f = 3*z + 12 - 53, 5*z + 4*f - o = 0. List the prime factors of z.
7
Let y(l) = -l**2 - 12*l - 5. What are the prime factors of y(-6)?
31
Suppose 2*r = 3*t - 20, 0*r + 4*r - 4*t + 36 = 0. Let g(q) = q - 1. Let c(s) = -7*s + 11. Let v(n) = c(n) + 6*g(n). List the prime factors of v(r).
2, 3
Let x(b) = b**2 - 2*b - 6. Let p be (-52)/(-10) + (-2)/10. What are the prime factors of x(p)?
3
Let t be 3 - 5/(15/(-423)). Let b = -102 + t. What are the prime factors of b?
2, 3, 7
Let k(v) = -11*v. List the prime factors of k(-1).
11
Suppose -2*w + 24 = 2*c, -2*c - w + 18 + 3 = 0. Let v = 16 - c. Suppose -3*u = -v*u + 40. What are the prime factors of u?
2, 5
Suppose 0 = -2*y + 7*y - 10. Suppose y*g = 3*b + 53, -2*g - b + 63 = -2*b. What are the prime factors of g?
2, 17
Let i be 114/22 + 2/(-11). Suppose -4*o + 77 = b, 4*b = i*o - 167 + 55. List the prime factors of o.
2, 5
Let c = -25 + 109. What are the prime factors of c?
2, 3, 7
Suppose -3*p - 8*a + 72 = -4*a, 0 = 3*a. List the prime factors of p.
2, 3
Suppose -4*t + 806 = 3*v, -4*v + 1081 = t + 28. List the prime factors of v.
2, 131
Suppose -2*t - 2*t = 5*k, t + 4*k + 11 = 0. Let m = 0 + -2. Let n = t + m. List the prime factors of n.
3
Let p(v) = 139*v**2. What are the prime factors of p(1)?
139
Suppose -7*p + 844 = -136. What are the prime factors of p?
2, 5, 7
What are the prime factors of 2/4*872/4?
109
Let o(l) be the first derivative of l**4/4 - 2. What are the prime factors of o(2)?
2
Suppose 38*d + 3 = 37*d. List the prime factors of (-16)/(-2) - (-6 - d).
11
Suppose 129 = -4*b + 37. Suppose -3*s + 7 - 28 = 0. Let w = s - b. What are the prime factors of w?
2
Suppose 21 = 2*b - 2*j - 59, -195 = -4*b - 3*j. Let t = b - 30. What are the prime factors of t?
3, 5
Suppose -2*f - 3*f + 10 = 0. Suppose 6*l - f*l = 2*p + 10, p + 1 = 0. Suppose 0 = -0*y + l*y - 4. What are the prime factors of y?
2
Suppose 2*x + 5*y - 63 = 0, 0 = 3*x - 0*x + y - 101. What are the prime factors of x?
2, 17
Suppose -p - 4*k + 4 + 3 = 0, 5*p = -k + 16. Suppose -p*c = -2*c - 18. What are the prime factors of c?
2, 3
Let z(j) = -4*j + 1. Let v be z(5). Let o = 32 + v. What are the prime factors of o?
13
Suppose 0 = -5*g - 2*a + 105 + 54, g + 4*a - 21 = 0. Let h = 26 - 46. Let l = h + g. What are the prime factors of l?
13
Let g(r) = -1 + 4 - 4*r + 4 - 3. List the prime factors of g(-4).
2, 5
Let g(i) = -i + 12. What are the prime factors of g(8)?
2
Let v(d) = -12*d + 4. What are the prime factors of v(-4)?
2, 13
Suppose -3*n + 4 = n. Let s be 0/(n - 3) - -10. Suppose 0*d - 2*d = -s. What are the prime factors of d?
5
Let a be (10/3)/((-10)/(-75)). Suppose -5 = -3*y + a. List the prime factors of y.
2, 5
Let k = 121 - 58. What are the prime factors of k?
3, 7
Let k = 9 + -7. Suppose k*n = -5*z + 145, -n - 3*n = -20. What are the prime factors of z?
3
Let a(h) be the second derivative of h**3/3 - h**2/2 + h. Let r = 19 - 13. List the prime factors of a(r).
11
Let n = 13 - 11. Suppose 8 = o + n. What are the prime factors of o?
2, 3
Suppose -35 = -5*z - 100. Let w = z + 1. Let h = -4 - w. List the prime factors of h.
2
Let q(r) be the first derivative of 7*r**4/4 - r**3/3 + r**2/2 - r - 3. What are the prime factors of q(1)?
2, 3
Let k(t) be the second derivative of -t**3/6 + 2*t**2 - 26*t. Suppose 1 - 13 = 4*y. List the prime factors of k(y).
7
Suppose -242 = -3*v + 4*z, -z + 382 = 5*v + 3*z. List the prime factors of v.
2, 3, 13
Let m = 90 - 59. List the prime factors of m.
31
Let n(g) = -1 - 6*g - 7*g - 5 + 3*g - 2